 + 1552. Suppose 17*o - 4*o = q. List the prime factors of o.
3, 23
Suppose -3*r = -4*y + 270, 3*y = -y - 3*r + 282. List the prime factors of y.
3, 23
Let s = 401 + 665. Let o = -751 + s. What are the prime factors of o?
3, 5, 7
Let x(d) = 5*d**2 - 8*d - 9. Suppose q = 2*w - 6*w + 9, -4*q = -w + 15. List the prime factors of x(q).
2, 3, 5
Let k(z) = 537*z - 46. List the prime factors of k(3).
5, 313
List the prime factors of 1*3/(3 - 24/9).
3
Let n be (-4)/((-4)/2) - -2. Suppose -676 = -3*d + 5*q, -d + n*q - 9*q + 232 = 0. List the prime factors of d.
227
Let g(d) = -d**3 + 7*d**2 - 6*d - 4. Let j be g(6). List the prime factors of 2*-2*61/j.
61
Suppose -4*o + 810 = f + 297, -3*o + 4*f + 380 = 0. What are the prime factors of o?
2
Suppose g - 305 = -4*g. Let s = 217 - g. Suppose -5*j = -3*q - s, 0 = -0*q - 2*q + 6. What are the prime factors of j?
3, 11
Suppose 7*x - 27 = -2*u + 12*x, -81 = -5*u - x. What are the prime factors of u?
2
Suppose -29238 = -17*d + 9726. List the prime factors of d.
2, 3, 191
Suppose -5*f + 2*f + 12 = 0. Suppose -238 = -f*p + 2*h - h, 3*h = p - 65. What are the prime factors of p?
59
List the prime factors of -3 + (25/5 + -8)*-156.
3, 5, 31
Let y(l) = -l**3 - 3*l**2 - l - 5. Let s be y(-4). Let i be (-23 - -3)/((-6)/s). Suppose h + i = j, -251 = -4*j + 5*h - 53. List the prime factors of j.
2, 13
Suppose 25*g + 10171 = 3*v + 29*g, -10166 = -3*v + g. List the prime factors of v.
3389
Suppose 7157 - 48080 = -9*q. List the prime factors of q.
4547
Let b(m) = 2*m**2 - 12*m. Let c be b(7). Suppose -4*d = -c*d + 2210. What are the prime factors of d?
13, 17
Suppose -7*y + 349 + 827 = 0. List the prime factors of y.
2, 3, 7
Let j be -4 + 6 + (-4 - -1). Let a be ((-24)/32)/(j/(-8)). What are the prime factors of (a - -2)/((-2)/8)?
2
Let h(p) = -2*p + 7. Suppose 4*r + 0 = -28. List the prime factors of h(r).
3, 7
Suppose -146 = -0*m + 2*m + 4*a, -5*a + 240 = -4*m. Let y be (-1)/4 - 443/4. Let h = m - y. List the prime factors of h.
2, 23
List the prime factors of (-12)/22 - (-6 - (-30680)/(-22)).
2, 5, 7
Let p(y) = 1563*y + 9. List the prime factors of p(1).
2, 3, 131
Suppose 53 = -5*m + 6*m. Suppose 4*f + 32 = x, 4*x + m = f + 226. List the prime factors of x.
2, 11
Let x(k) = -3*k**3 + 3*k**2 - 5*k + 6. What are the prime factors of x(-4)?
2, 7, 19
Let p(f) = 4*f**3 + 5*f**3 + 15*f - 9*f**3 - 14*f**2 - 8 + f**3. What are the prime factors of p(13)?
2, 3
Suppose 2*x + i - 3980 = 0, x + 7*i = 4*i + 2000. List the prime factors of x.
2, 7, 71
Let m = -28 - -32. Suppose -4*o - m*a = -56, 4*a = -o + 5 + 15. List the prime factors of o.
2, 3
Let z(j) = 3*j + 23. Let a be z(-6). Suppose 0 = a*n - 2*g - 732, 34 = 5*g + 14. List the prime factors of n.
2, 37
Let f(u) = -u**3 - 23*u**2 + 15*u - 104. What are the prime factors of f(-24)?
2, 7
List the prime factors of 504*(-2)/(-15) - (-3)/(-15).
67
Let b be (-1)/3 + (-2900)/(-15). Let p = b - 101. List the prime factors of p.
2, 23
Suppose -2107 = 9*b - 10198. List the prime factors of b.
29, 31
Let k = 15 + -10. Suppose 26 = 4*r + k*q, 3*r + r + q = 34. Suppose -r + 83 = 2*a. What are the prime factors of a?
37
Let b(w) = -310*w - 10. Let r be b(-3). Suppose x = 5*g - r, 3*g - 2*x - 2*x - 569 = 0. What are the prime factors of g?
3, 61
Let v = -13 - 1. Let k = v + 15. What are the prime factors of 4/3*(4 - k)?
2
Suppose -7 = 6*o + o. Let x = 5 - 3. Let z = x - o. What are the prime factors of z?
3
Suppose -5*b = 4*i - 4194, i - 5*i + 2*b = -4180. What are the prime factors of i?
2, 523
Let h = 494 - 57. Suppose -3*t = -z - 4*z + h, 5*z - 439 = t. Suppose 0 = 5*g + 2*i + 2*i - z, 5*g - 97 = -i. List the prime factors of g.
2, 5
Let b = -5 - -7. Let q = -185 - -185. Suppose -v + b = -q. List the prime factors of v.
2
Let o(z) = -z**3 + 17*z**2 + 16*z + 36. Let n(h) = -h**3 + 10*h**2 + 13*h - 5. Let g be n(11). List the prime factors of o(g).
2, 7, 11
Suppose -g - 223 = -2*l, 3*l = -2*g + 4*g + 336. What are the prime factors of l?
2, 5, 11
Suppose 2*r - 2*n - 35 = -9, 0 = r + 4*n - 23. Let k = r - 7. What are the prime factors of k?
2
What are the prime factors of (-610)/(-488) - (0 + (-15678)/8)?
37, 53
List the prime factors of (-42)/18 + 203574/63.
3229
Let s be (-13 + -1 - -1) + (-2)/(-2). Let a = 50 + s. List the prime factors of a.
2, 19
Suppose 0*q - 3*q = -5*g + 25, -3*g + q + 11 = 0. Suppose 2*p + g - 10 = 0. Suppose 0 = -t + p*t - 78. List the prime factors of t.
2, 13
Suppose 0 = 6*i + 382 - 1246. Suppose 148*q - i*q = 1288. What are the prime factors of q?
2, 7, 23
Let q(i) = 6*i**2 + 5*i - 103. What are the prime factors of q(15)?
2, 661
Suppose 3*s = 13 + 23. Suppose s*r - 510 - 2106 = 0. List the prime factors of r.
2, 109
Let c(s) = s**3 - 9*s**2 + 2*s + 5. Let w be c(10). Suppose -3*a + w = -151. What are the prime factors of a?
2, 23
Let c(t) = t**3 - 3*t**2 - 6*t - 7. Let s(j) = -j**2 + 5*j - 1. Let x be s(2). What are the prime factors of c(x)?
13
Suppose -10*d - b = -15*d + 2705, 4*d - 2175 = 3*b. What are the prime factors of d?
2, 3, 5
Let n(q) be the third derivative of -q**6/120 + 2*q**5/15 - q**4/12 + 2*q**3 - 19*q**2. What are the prime factors of n(6)?
2, 3
Let t(p) = -3*p**3 + 4*p**3 + 2*p - 7*p**2 - 10 - 2. Let c be t(7). Suppose 3*d = 0, 3*r - c*r + d = 27. List the prime factors of r.
3
Let k(z) = 176*z + 292. List the prime factors of k(6).
2, 337
Suppose -4*b + 4*p = -10764, 0 = -3*b - 5*p - 218 + 8251. What are the prime factors of b?
2, 17, 79
Suppose 17*x = 510 + 680. Suppose 12 = -2*w - 4*c, -4*w + 4*c + 28 = -c. Suppose 81 = 5*l - w*z, 4*l + 0*z = -z + x. What are the prime factors of l?
17
Let r be -9*2/(-21)*-7. Let h be 150/(r*(-2)/30). List the prime factors of 4 + -2 + h/5.
7, 11
Suppose 171 = -4*r - 37. Let c(g) = 33*g + 7. Let k be c(2). Let l = r + k. List the prime factors of l.
3, 7
Let q(u) = -u. Let w be q(-2). Suppose -3*c = -3*i + 21, -6 = -0*i + w*i. Let t = 17 - c. List the prime factors of t.
3
Let p(u) = 7*u**2 - 3*u - 88. List the prime factors of p(-10).
2, 3, 107
Suppose -1265 = -4*q - 65. Suppose t + q = 2*l, 2*l + 2*t - t = 308. List the prime factors of l.
2, 19
Let o = -5 + 10. Let r be (-174)/(-30) + 1/o. Suppose 3*l + d = 20, 0 = 3*d - r*d - 3. What are the prime factors of l?
7
Let n be (4/((-20)/155))/((-2)/10). Suppose -2*d - 2*a + 431 = 73, -5*a - n = -d. What are the prime factors of d?
5, 7
Suppose -6*t = t + 77. Let i(o) = o**2 + 10*o - 8. List the prime factors of i(t).
3
Suppose x - 3 = 0, 2*x - 38 = -0*i + 2*i. List the prime factors of i/120 - 557/(-15).
37
Let t be (81/(-126) - (-1)/7)*-14. Suppose q - 51 + t = 0. List the prime factors of q.
2, 11
Suppose -3 = 3*t, -11270 = 9*c - 13*c + 2*t. List the prime factors of c.
3, 313
Let y(q) = -3*q + 2*q - 2*q - 7*q - 25. What are the prime factors of y(-4)?
3, 5
Let y = 873 - 500. List the prime factors of y.
373
Let g = -39 - -12. Let z = g - -86. Let t = z + -40. List the prime factors of t.
19
Suppose -5*o + 16 = -3*m, 3*o - 7*o - 3*m + 2 = 0. Let k(s) = -s**2 + 9*s + 3. Let u be k(8). Let b = u - o. What are the prime factors of b?
3
Suppose -2*k + 26 = -62. Let y = k + 114. What are the prime factors of y?
2, 79
Let a be (496/64)/((-1)/4). Let u = a + 75. What are the prime factors of u?
2, 11
Let k be (6/3)/(-2)*1. What are the prime factors of 217 - k - (30 + -26)?
2, 107
Let g(h) = -h**2 - 35*h + 126. List the prime factors of g(-26).
2, 3, 5
Suppose 4*t - 3*t - 5 = 0. Let i be 0 - t/((-15)/(-6)). List the prime factors of (8/(-10))/(i/10).
2
Suppose 3*c = -15, -4*u = -c + 2*c - 967. What are the prime factors of (60/45)/((-484)/u - -2)?
2, 3
Let k = 107 + -76. Suppose -4*x - d + 206 = -2*d, 0 = 2*d - 4. Let a = x - k. What are the prime factors of a?
3, 7
Let k be (2 + -1)*(4 - 4). Suppose 3*w - 123 = -k*w. What are the prime factors of w?
41
Let d = 939 - 430. List the prime factors of d.
509
Let a = 3889 - -1850. What are the prime factors of a?
3, 1913
Let l = 596 + -248. Suppose l = -h + 5*h. List the prime factors of h.
3, 29
Suppose 0 = -3*k - 5*y + 1064, -18*y - 1805 = -5*k - 20*y. What are the prime factors of k?
3, 11
What are the prime factors of 1242 + (-2 - (-2 - 3))?
3, 5, 83
Suppose -2*p - 2*z = -3 - 3, 3*p - z = 17. List the prime 